nd 6622?
946
What is the greatest common factor of 614365 and 2526335?
2755
What is the greatest common divisor of 37433 and 4386467?
3403
What is the greatest common divisor of 78 and 81686436?
78
Calculate the highest common divisor of 182 and 7835926.
14
Calculate the greatest common factor of 1059 and 721856054.
353
Calculate the greatest common divisor of 124208 and 5544.
56
Calculate the highest common divisor of 9502891 and 2098.
1049
Calculate the greatest common divisor of 9472 and 345691.
37
What is the highest common divisor of 209 and 14912321?
19
What is the highest common factor of 4558 and 27505834?
106
What is the greatest common divisor of 13 and 3361957?
1
Calculate the greatest common factor of 186612 and 1572.
12
What is the greatest common divisor of 18616 and 63717914?
4654
What is the highest common factor of 81317 and 308167?
349
Calculate the greatest common factor of 14817 and 2663019.
1347
What is the highest common divisor of 80240 and 2992?
272
Calculate the greatest common factor of 410 and 531800.
10
What is the highest common divisor of 25319511 and 945?
63
Calculate the highest common factor of 13626 and 379967823.
6813
What is the greatest common factor of 1416 and 29386602?
354
What is the greatest common divisor of 45671 and 406897?
109
What is the highest common factor of 2270030 and 1890?
70
What is the greatest common factor of 54584753 and 689?
53
Calculate the greatest common factor of 647425 and 14075.
25
Calculate the highest common divisor of 26622302 and 2982.
994
What is the highest common factor of 28191073 and 1201?
1201
Calculate the greatest common divisor of 40561323 and 33.
33
What is the highest common factor of 882 and 27727826?
98
Calculate the highest common divisor of 1438 and 6978.
2
Calculate the greatest common factor of 8149 and 6907261.
281
Calculate the highest common factor of 3451 and 3390038.
17
What is the highest common factor of 32 and 12209?
1
Calculate the greatest common divisor of 36009748 and 172.
172
Calculate the highest common divisor of 7857034 and 5862.
1954
What is the greatest common factor of 15039 and 47167317?
5013
Calculate the greatest common factor of 84 and 584728.
4
Calculate the greatest common factor of 14484 and 4978236.
852
Calculate the highest common factor of 2888329 and 628.
157
Calculate the greatest common factor of 3065 and 10113887.
613
Calculate the highest common factor of 145 and 140822405.
145
What is the highest common divisor of 124342891 and 93?
31
Calculate the highest common divisor of 2812 and 263366.
74
Calculate the greatest common divisor of 12709 and 343322.
179
Calculate the highest common divisor of 122 and 874509359.
61
Calculate the greatest common factor of 2018519 and 3051.
113
What is the highest common divisor of 1160786 and 57?
19
Calculate the highest common divisor of 66585 and 92805.
345
Calculate the highest common factor of 7225 and 70215440.
1445
What is the greatest common divisor of 1241 and 24164971?
73
Calculate the highest common factor of 139482528 and 36516.
2148
Calculate the greatest common divisor of 816 and 9571748.
68
Calculate the highest common factor of 1927989 and 7560.
189
Calculate the greatest common divisor of 892628759 and 3245.
649
Calculate the greatest common divisor of 1392014188 and 4.
4
What is the greatest common divisor of 5283 and 47006373?
1761
Calculate the highest common factor of 4399 and 1342013.
53
Calculate the highest common factor of 506991799 and 901.
901
Calculate the highest common factor of 3435 and 1128870.
15
Calculate the greatest common divisor of 11607448 and 16.
8
What is the highest common divisor of 1711259 and 748?
11
Calculate the highest common factor of 1603 and 19806210.
229
What is the highest common divisor of 276190662 and 6?
6
Calculate the highest common divisor of 2630 and 17908170.
10
What is the highest common divisor of 12825 and 404453475?
4275
What is the greatest common divisor of 298980814 and 22?
22
What is the greatest common divisor of 52207965 and 1476?
369
What is the greatest common factor of 726 and 293190?
6
What is the greatest common divisor of 18400 and 2318860?
460
Calculate the greatest common divisor of 148218 and 712950.
42
What is the greatest common divisor of 15384 and 389422884?
7692
What is the highest common factor of 1265627 and 154?
11
Calculate the greatest common divisor of 152447760 and 26560.
6640
Calculate the highest common divisor of 155628 and 1650.
66
Calculate the greatest common divisor of 86680466 and 1793.
163
Calculate the greatest common factor of 17760820 and 18620.
2660
Calculate the highest common divisor of 1632 and 106508604.
204
Calculate the greatest common factor of 269074043 and 34692.
2891
What is the highest common divisor of 1232 and 1497104?
112
Calculate the greatest common factor of 6737369 and 301.
43
Calculate the greatest common divisor of 237080384 and 16.
16
Calculate the greatest common factor of 245080 and 14410.
110
Calculate the greatest common factor of 834 and 516042.
6
What is the highest common divisor of 4 and 251538820?
4
What is the highest common factor of 142935 and 2748017?
733
Calculate the highest common factor of 7760175 and 7020420.
14505
What is the highest common divisor of 1504 and 1443815936?
1504
What is the highest common divisor of 34776 and 913738?
14
What is the highest common factor of 1728192 and 23232?
192
What is the greatest common divisor of 2165070 and 30?
30
Calculate the highest common divisor of 243923 and 276752.
353
What is the greatest common divisor of 44114 and 27789902?
1918
Calculate the greatest common factor of 21936230 and 20.
10
Calculate the greatest common factor of 13420440 and 66.
66
Calculate the greatest common factor of 20386060 and 40.
20
What is the highest common factor of 61218 and 7650711?
171
What is the highest common factor of 5549 and 179583?
31
What is the highest common factor of 7046000 and 236000?
2000
What is the highest common divisor of 932 and 9220509?
233
Calculate the greatest common divisor of 62976 and 17733156.
492
What is the highest common factor of 966016 and 100736?
128
What is the highest common factor of 59731 and 2142427?
1127
What is the greatest common factor of 249095 and 120505?
385
Calculate the greatest common divisor of 149175 and 566709.
39
What is the greatest common divisor of 32767 and 8662115?
1057
What is the highest common divisor of 54549 and 4692867?
1653
What is the greatest common divisor of 375241470 and 30?
30
What is the greatest common factor of 19939 and 43332?
157
What is the greatest common factor of 1815 and 152520?
15
What is the greatest common divisor of 1634 and 76672268?
86
What is the greatest common factor of 82800 and 3840450?
150
Calculate the greatest common divisor of 12500 and 584768750.
6250
Calculate the highest common divisor of 81149175 and 3450.
1725
Calculate the highest common factor of 73356 and 14424.
12
What is the greatest common factor of 25 and 754197850?
25
What is the greatest common divisor of 3304 and 449512?
56
Calculate the highest common factor of 23820 and 1706476710.
11910
What is the highest common factor of 646 and 15003312?
38
What is the greatest common factor of 51089 and 25427?
47
Calculate the highest common factor of 267 and 4119543.
267
Calculate the greatest common divisor of 255360 and 466260.
1140
Calculate the greatest common factor of 4104 and 11611242.
1026
Calculate the greatest common factor of 57148 and 39247.
13
What is the highest common factor of 32278656 and 3456?
384
What is the greatest common factor of 150628 and 256?
4
What is the greatest common divisor of 17 and 113680785?
17
Calculate the highest common factor of 128856 and 982232.
472
What is the highest common divisor of 1750 and 2407750?
250
What is the highest common divisor of 20 and 13406160?
20
What is the greatest common factor of 22018 and 208190?
218
Calculate the greatest common divisor of 864770 and 30.
10
What is the highest common factor of 1114625 and 12580?
185
What is the greatest common divisor of 140 and 14555387?
7
Calculate the highest common divisor of 3595658045 and 35.
35
What is the highest common divisor of 800 and 138327400?
200
Calculate t